lculate n(-25).
-36
Let s(o) = -204*o**2 - 4182*o - 5829. Calculate s(-19).
-15
Let m(u) = -2*u**2 - 1701*u - 175866. Calculate m(-730).
64
Let r(y) = 248*y - 38900. Determine r(160).
780
Let l(b) = -b**2 - 76*b - 1264. Determine l(-47).
99
Let v(s) = -2*s**2 + 625*s + 7783. Calculate v(-12).
-5
Let u(y) = -8696*y + 43446. Determine u(5).
-34
Let i(u) = u**3 - 117*u - 430. Determine i(-8).
-6
Let b(a) = a**3 - 55*a**2 - 282*a - 95. What is b(-5)?
-185
Let o(n) = -2*n**3 - 278*n**2 - 308*n - 4335. Calculate o(-138).
81
Let f(p) = 13*p**3 - 170*p**2 + 23*p - 149. Determine f(13).
-19
Let q(r) = r**3 + 784*r**2 - 26*r - 20380. Calculate q(-784).
4
Let v(y) = -2294*y - 1142405. Calculate v(-498).
7
Let q(z) = -956468*z + 1912935. Give q(2).
-1
Let d(u) = -u**3 - 80*u**2 - 712*u - 197. Determine d(-10).
-77
Let j(o) = 14*o**2 - 236*o + 386. Give j(13).
-316
Let f(r) = -24166*r + 242320. Determine f(10).
660
Let n(u) = 1745*u**2 - 219871*u + 136. Determine n(126).
10
Let y(i) = 2*i**2 + 561*i + 29910. Calculate y(-71).
161
Let h(o) = -92*o + 7887. What is h(92)?
-577
Let p(r) = -21647*r + 584469. What is p(27)?
0
Let v(t) = -3*t**3 - 35*t**2 - 123*t - 1063. Give v(-11).
48
Let k(l) = 32*l - 1846. Give k(45).
-406
Let t(s) = 21829*s - 4147509. What is t(190)?
1
Let a(j) = -6*j**2 - 12431*j - 49680. Calculate a(-4).
-52
Let n(d) = -2*d**2 - 577*d - 5180. Calculate n(-9).
-149
Let x(c) = -367337*c - 2204012. Give x(-6).
10
Let j(d) = 2*d**3 + 45*d**2 - 218*d - 3282. Calculate j(-24).
222
Let j(p) = p**3 - 154*p**2 - 86489*p - 461. Give j(-227).
-7
Let z(k) = 35*k**2 + 5665*k + 39369. Calculate z(-7).
1429
Let k(c) = -265*c**2 + 7618*c + 1940. Calculate k(29).
-3
Let c(r) = 5*r**2 - 196*r - 859. Give c(-4).
5
Let i(t) = 9*t**2 - 6866*t - 763. Calculate i(763).
0
Let s(j) = j**3 - 122*j**2 + 2793*j - 2691. Give s(92).
345
Let r(y) = -y**3 + 40*y**2 + 881*y - 35890. Calculate r(39).
-10
Let x(p) = -51*p**2 - 40190*p - 1578. Give x(-788).
-2
Let n(g) = 963176*g - 7705418. Calculate n(8).
-10
Let o(r) = 428*r - 35959. Calculate o(84).
-7
Let f(g) = 1103*g**2 + 6609*g + 3. What is f(-6)?
57
Let a(m) = -491*m - 21995. What is a(-50)?
2555
Let o(a) = 2*a**2 - 110*a - 23569. Give o(-85).
231
Let r(c) = -c**3 + 4*c**2 + 319*c - 118. Calculate r(-14).
-1056
Let b(g) = -6*g**3 + 259*g**2 + 808*g + 70. What is b(-3)?
139
Let k(h) = -10*h**3 - 29*h**2 + 14*h - 18. What is k(4)?
-1066
Let f(t) = -863*t - 5726. Determine f(-8).
1178
Let r(x) = x**3 - 142*x**2 + 432*x - 2099. Determine r(139).
-14
Let g(u) = -11*u**3 + 57*u**2 - 100*u - 18. What is g(2)?
-78
Let n(r) = -r**3 + 110*r**2 - 2391*r - 618. Give n(80).
102
Let o(w) = -w**2 + 777*w + 3748. Calculate o(-5).
-162
Let b(y) = y**3 - 14*y**2 - 253*y + 3293. Calculate b(19).
291
Let z(k) = -k**3 + 261*k**2 + 547*k - 74655. What is z(262)?
15
Let t(j) = 111*j + 4669. Determine t(-29).
1450
Let j(c) = c**2 - 85*c + 949. What is j(71)?
-45
Let z(n) = n**3 + 55*n**2 + 115*n + 486. Calculate z(-53).
9
Let p(h) = -8*h**2 - 5316*h + 64988. Give p(12).
44
Let s(d) = -d**3 - 21*d**2 + 2416*d + 35180. What is s(-14)?
-16
Let i(r) = -27582*r + 220712. What is i(8)?
56
Let d(g) = -1226*g - 175331. Give d(-143).
-13
Let f(p) = p**3 - 11*p**2 - 3090*p + 30742. What is f(10)?
-258
Let m(y) = -7*y**2 - 278*y + 2276. What is m(8)?
-396
Let u(i) = 1554*i - 101005. What is u(65)?
5
Let q(c) = -c**2 - 190*c + 41765. What is q(130)?
165
Let t(i) = 64*i**2 - 48880*i - 12242. Give t(764).
-18
Let k(d) = -2107*d - 33769. Determine k(-16).
-57
Let b(v) = -22*v**2 + 364*v - 1204. Calculate b(5).
66
Let g(i) = -i**2 - 290*i - 3869. What is g(-13)?
-268
Let w(s) = -70*s**2 + 771*s - 2. Determine w(11).
9
Let u(l) = l**2 - 474*l - 19944. Calculate u(-39).
63
Let g(q) = -4560*q + 6238072. Determine g(1368).
-8
Let d(l) = l**2 + 15033*l + 270273. Calculate d(-18).
3
Let r(p) = 1326*p - 98647. What is r(74)?
-523
Let k(m) = 99119*m - 1288533. What is k(13)?
14
Let v(g) = 5*g**3 + 66*g**2 + 99*g + 963. What is v(-13)?
-155
Let r(s) = -28177*s + 563512. What is r(20)?
-28
Let f(t) = -263*t - 8908. Determine f(-32).
-492
Let h(s) = -s**3 - 70*s**2 - 654*s - 277. Determine h(-59).
18
Let m(q) = -38894*q + 1711334. Give m(44).
-2
Let b(d) = -3*d**2 - 17*d + 2009. Calculate b(-29).
-21
Let l(w) = -2*w**2 + 194196*w + 12047849. What is l(-62)?
9
Let b(y) = -13*y**3 - 1910*y**2 + 145*y - 282. Determine b(-147).
12
Let m(r) = 2*r**3 - 8*r**2 + 1247*r - 3720. What is m(3)?
3
Let d(w) = -11159*w - 66951. What is d(-6)?
3
Let p(z) = 547*z + 96292. Give p(-176).
20
Let f(h) = h**3 - 2186*h**2 + 13331*h - 547175. Determine f(2180).
5
Let x(t) = -8*t**3 + 4499*t**2 + 2814*t + 684. Calculate x(563).
121
Let y(i) = 7*i**2 - 608*i + 10777. Give y(24).
217
Let a(x) = 2*x**3 - 121*x**2 + 73*x + 6134. Calculate a(59).
-2
Let v(u) = u**3 - 58*u**2 + 162*u + 181. Give v(55).
16
Let f(i) = -3*i**3 + 456*i**2 - 10420*i + 111. Give f(28).
-1
Let f(h) = -h**3 - 405*h**2 - 6721*h + 94820. Calculate f(-387).
5
Let y(o) = 735*o - 825. What is y(1)?
-90
Let h(x) = -x**3 - 8*x**2 + 44*x - 47. Give h(-12).
1
Let g(h) = -3*h**3 + 541*h**2 + 37*h - 39096. Give g(180).
-36
Let i(x) = 12128*x + 206191. Give i(-17).
15
Let k(o) = 2*o**3 + 12*o**2 - 79*o - 499. Calculate k(-6).
-25
Let k(s) = 18*s**2 - 670*s + 5. Calculate k(37).
-143
Let t(x) = -1021*x**2 - 7712*x + 26. Determine t(-8).
-3622
Let a(l) = 8*l**2 + 54*l - 112. Calculate a(-11).
262
Let k(m) = 902*m + 133. Calculate k(0).
133
Let w(t) = -9876*t + 237037. Give w(24).
13
Let q(v) = -14*v**2 - 2210*v + 16189. What is q(7)?
33
Let k(u) = -6326*u + 25414. What is k(4)?
110
Let m(d) = 131*d**3 + 5894*d**2 - 23*d + 960. Give m(-45).
-30
Let j(v) = 3*v**2 + 117474*v - 587356. Determine j(5).
89
Let g(l) = 2*l**2 - 274*l - 85179. What is g(-148)?
-819
Let v(k) = 3117*k + 15319. What is v(-5)?
-266
Let u(x) = 3*x**2 - 3529*x + 48788. Give u(14).
-30
Let n(h) = -11837*h + 485319. Calculate n(41).
2
Let h(j) = 8555*j + 246326. What is h(-29)?
-1769
Let r(g) = 23*g**3 + 148*g**2 + 190*g + 784. Give r(-6).
4
Let s(w) = 2873*w + 192500. Calculate s(-67).
9
Let i(c) = 2317*c + 19270. What is i(-8)?
734
Let p(v) = 87814*v + 1844090. Calculate p(-21).
-4
Let v(a) = -168*a**2 - 687*a + 768. Give v(-5).
3
Let k(w) = 55782*w - 669399. Determine k(12).
-15
Let o(c) = 736*c**2 - 7*c - 2. Calculate o(1).
727
Let n(b) = 30*b**3 + 1919*b**2 - 44*b - 201. Give n(-64).
-1481
Let s(p) = p**3 - 74*p**2 - 62*p - 940. Give s(75).
35
Let t(v) = 37*v**2 - 24609*v + 2675. Calculate t(665).
15
Let y(s) = 36834*s + 14402094. Give y(-391).
0
Let p(m) = 424*m**2 - 78*m - 24. Determine p(-1).
478
Let a(o) = 213207*o + 1918861. What is a(-9)?
-2
Let z(u) = 3*u**2 + 194*u + 2503. Calculate z(-41).
-408
Let f(p) = -18*p**3 + 250*p**2 - 754*p + 40. Determine f(3).
-458
Let z(u) = -2*u**3 - 60*u**2 + 210*u + 792. Calculate z(-33).
396
Let l(m) = 2316*m - 20190. Determine l(9).
654
Let m(n) = 25211*n - 76012. Calculate m(3).
-379
Let d(h) = -107*h**2 + 454*h + 16. What is d(8)?
-3200
Let q(h) = -421340*h + 1685354. What is q(4)?
-6
Let c(s) = 87*s**2 + 536*s + 72. What is c(-6)?
-12
Let o(r) = 157*r**2 - 898*r + 7. Calculate o(5).
-558
Let s(c) = 531*c - 14868. Calculate s(28).
0
Let w(q) = 77*q**2 - 5154*q + 67674. Determine w(49).
5
Let q(v) = v**2 - 550*v + 51672. Determine q(428).
-544
Let c(k) = 4*k**2 + 9*k - 3297. Give c(-30).
33
Let w(d) = -10*d**2 - 324*d - 3171. What is w(-9)?
-1065
Let r(i) = -31*i**3 + 3*i**2 + 335*i - 965. Determine r(3).
-770
Let t(g) = -12047*g - 12005. Determine t(-1).
42
Let l(m) = -19469*m + 19281. Give l(1).
-188
Let b(g) = -135*g - 1714. Calculate b(-13).
41
Let i(c) = 4*c**2 - 1885*c + 127846. What is i(389)?
-135
Let j(q) = -5*q**3 + 115*q**2 + 74*q + 171. Determine j(24).
-933
Let n(k) = -k**3 + 129*k**2 + 191*k + 9277. Give n(131).
-24
Let a(z) = 162*z - 312. Calculate a(1).
-150
Let c(i) = 17*i**2 + 2206*i - 71958. Calculate c(27).
-3
Let q(z) = z**3 - 44*z**2 - 121*z + 1337. What is q(46)?
3
Let m(s) = 5*s**3 + 80*s**2 - 4176*s + 133. Give m(-38).
-19
Let p(s) = -207343*s - 3317511. Give p(-16).
-23
Let v(x) = -x**2 - 73*x + 14974. Determine v(91).
50
Let c(k) = 4417*k + 57494. Determine c(-13).
73
Let c(d) = -13064*d 